t a = -17160 - -17217. Calculate the greatest common divisor of a and 323.
19
Suppose -4*l + 4*n + 240 = 0, 4*n + 1 = 9. Calculate the greatest common factor of 6 and l.
2
Let z(h) = -h**3 - 2*h**2 + 2*h + 4. Suppose -7*d + 2 - 16 = 0. Let w be z(d). Let f be (3 - (1 - w)) + 79 + 3. What is the greatest common factor of 12 and f?
12
Suppose -1118 = -3*s - 4*r, 2*s - 327*r = -326*r + 760. Calculate the highest common factor of 486 and s.
54
Suppose 970*x - 972*x - 28 = -2*y, -2*x = -y + 9. What is the highest common factor of y and 27?
1
Suppose 4*t = 2*z - 1476, -5*z + 4*t - 8*t = -3760. Let p = 795 - z. Calculate the greatest common divisor of p and 893.
47
Let z be 10 + (945 - (-12 - -1)). Calculate the highest common divisor of 336 and z.
42
Suppose 0 = 3*p, -140 = -5*k + 5*p - 25. Suppose 0 = k*u - 11*u + 3000. Let c = u + 459. What is the highest common divisor of c and 19?
19
Let y = -293 - -141. Let i be (3 + -6)/(12/y). What is the greatest common divisor of i and 19?
19
Let g = 192 - 190. Suppose 0 = -18*x - g + 722. What is the highest common divisor of 24 and x?
8
Let b = -7291 + 9557. Calculate the greatest common factor of b and 22.
22
Suppose 5*k = -5*j + 3*k + 3, -2 = 2*k. Let t be 1 + -1 - (j + (-25 - 1)). Suppose 0 = t*c - 22*c - 6. Calculate the highest common factor of 10 and c.
2
Let b(j) = 8*j**2 + 137*j - 522. Let t be b(37). What is the highest common divisor of 11 and t?
11
Let o be -5 + 3 + 2840/5. Let b = -390 + o. Suppose -4*s - 96 = -4*y, 5*y - 68 = 2*y + s. Calculate the greatest common divisor of y and b.
22
Let l be 4056/390*(-290)/(-4). Calculate the highest common factor of l and 174.
58
Let b = 240018 - 239185. Suppose 4*o - 5*a - 196 = 0, 0*a - a = 5*o - 245. What is the highest common factor of o and b?
49
Let x be (-10)/110*-143*56. What is the greatest common divisor of x and 448?
56
Let q = 12 - 32. Let m = q - -32. What is the greatest common divisor of 108 and m?
12
Suppose 0 = 5*q - 4*r - 520, 28*q - 205 = 26*q + r. What is the greatest common factor of 70 and q?
10
Suppose 4*h - 2101 = -5*q + 4433, 0 = -2*q + 7*h + 2562. What is the greatest common divisor of q and 126?
42
Suppose -3*t + 5*g + 5 = -0*t, 3*t + 3*g = -3. Suppose 0*d - 5*d + 5*k + 275 = t, -51 = -d + 5*k. What is the highest common divisor of 16 and d?
8
Suppose 2*h + 3254 = 4*j - 0*h, 3284 = 4*j + 4*h. Let w = 201423 - 201375. Calculate the highest common factor of w and j.
48
Suppose -21*z + 130780 + 953 = 0. What is the highest common divisor of 153 and z?
153
Suppose -f - 67 + 70 = 0. Suppose f*z = -0*z - 12. Let t be ((-14)/z - 3) + 51/2. Calculate the greatest common factor of t and 65.
13
Let m be 6 + -1 - -2 - ((22 - 1129) + -6). Calculate the highest common factor of 252 and m.
28
Let l be (8/(-14))/4 + (-7184)/(-14). Let i = -487 + l. Calculate the greatest common factor of 78 and i.
26
Let z(n) = -126*n + 2. Let c be z(2). Let j be (1*-4)/((84/372)/7). Let r = j - c. Calculate the highest common divisor of 18 and r.
18
Let j(g) = -13*g + 78. Let q be j(6). Suppose q = -m - d + 165, -5*m = 8*d - 7*d - 837. Calculate the highest common divisor of m and 42.
42
Let v(m) = -59*m + 1059. Let g be v(15). Calculate the greatest common divisor of g and 406.
58
Let j(i) be the first derivative of 9*i**2/2 + 65*i + 98. Let b be j(-7). What is the highest common factor of b and 7?
1
Suppose p = -5*t + 3846, 2293*t - 2288*t = 3*p - 11378. What is the greatest common divisor of p and 88?
22
Let b be 15/(-3) - 3 - -716. Let c = b + -688. Calculate the highest common divisor of 15 and c.
5
Let o = 6148 - 5030. Calculate the greatest common divisor of o and 39.
13
Let q(z) = 12*z**2 + 111*z - 207. Let f be q(-11). What is the greatest common divisor of f and 43?
1
Let j be (2/8*-701)/(15 - (-10498)/(-696)). What is the greatest common divisor of j and 9?
3
Let j be (-18)/(-252)*371*(143 + -1). Calculate the highest common divisor of j and 53.
53
Suppose 3*q = -0*q + 54. Let l be 149 - -2 - q/6. Suppose 3*n = 3*o - 58 - 38, 4*o = -3*n + 163. What is the highest common divisor of l and o?
37
Suppose 2*g + 1015 = 7*g. Suppose 5*o - o - 212 = 0. Suppose 5*d + 83 = 2*c, c + o = 3*c + d. Calculate the highest common factor of g and c.
29
Suppose -52*k = -49*k - 48. Let z = -2206 - -2258. Calculate the highest common factor of k and z.
4
Suppose 0 = 22*k + 11*k - 27489. Calculate the highest common factor of 136 and k.
17
Suppose -2*f + 101 = 3*g, -3*f = -0*g + 5*g - 154. Let z be -3*(-6 + (-111)/9 + -2). Let t = z + f. What is the highest common divisor of t and 13?
13
Suppose m = -3*h + 145, -4*m + 645 = 5*h - 6*h. Let q = -51 - 14. Let a = q + 85. What is the greatest common factor of m and a?
20
Let p(g) = -2*g**3 - 4*g**2 - 6*g - 19. Let a be p(-3). Let d be ((-17)/4)/(13/(-676)). What is the greatest common divisor of d and a?
17
Let i(y) = -3*y - 4. Let w be i(-3). Suppose -w*h = -5*o + 75, -2*o + 5*h + 31 = 4*h. Suppose 183 = 4*b - 9. What is the highest common divisor of b and o?
16
Let g(y) = -1052*y - 1128. Let c be g(-3). Calculate the highest common divisor of c and 48.
12
Suppose -323*m - 283*m - 27*m + 689970 = 0. Calculate the greatest common divisor of 160 and m.
10
Let y(s) = 10*s**2 - 309*s - 18. Let c be y(31). Calculate the highest common divisor of c and 18317.
13
Let r = 15 - 9. Suppose 2*c = r*c - 32. Let x(w) = w**3 - 8*w**2 - 3*w - 52. Let g be x(9). What is the highest common divisor of c and g?
2
Let y = 37944 + -23096. What is the highest common factor of 29 and y?
29
Suppose 21*v - 39*v + 2*v = -19872. What is the greatest common factor of v and 54?
54
Let x be 330/1 - (-4)/(-2). Suppose 8 = -3*w + 17. Suppose -3*o - 2*m + 177 = 56, 0 = -2*o - w*m + 79. What is the highest common divisor of o and x?
41
Let w = 5395 - 5159. Let n be (-59)/(0/2 - (-3)/(-3)). What is the highest common factor of w and n?
59
Let k(x) = -x**2 + 14*x - 29. Let i be k(9). Let v be (i/56)/(2/28). Let z be v + -6 + 11 + 1. Calculate the greatest common divisor of 110 and z.
10
Let c = 5153 - 5135. Calculate the highest common factor of c and 288.
18
Suppose -5*d + 4*k = -0*k - 450, 2*d - 167 = -k. Suppose 42*a = 10*a - 47*a + 316. What is the greatest common factor of d and a?
2
Let v be (0 - -1)/1*1. Let s(n) be the first derivative of -n**3/3 + 7*n**2/2 + 55*n - 25. Let q be s(11). What is the highest common factor of v and q?
1
Let b be 9/3*(6 - 7) + 10. Suppose -3*n = -4*g - n + 134, -4*g - 4*n + 152 = 0. Calculate the highest common divisor of g and b.
7
Let y be (1791 + -2)*36/9. Suppose 31*m - y - 7352 = 0. Calculate the highest common factor of 36 and m.
36
Suppose -3*p = p - 1216. Suppose -303*u = -p*u + 155. Calculate the greatest common factor of 124 and u.
31
Let q be 39/(2/(2/(-1))). Let t = 40 + q. Suppose -t = 2*v - 9. What is the greatest common divisor of v and 16?
4
Let q(s) = -47*s + 79. Let a be q(-24). What is the highest common factor of 639 and a?
71
Suppose 0 = 2*d + 3*i - 116, d - 58 = -17*i + 22*i. What is the highest common factor of 8 and d?
2
Let y(j) = -2*j**2 - 91*j - 149. Let p be y(-43). What is the greatest common divisor of p and 678?
6
Let s be (-4)/(-6)*(19 + -7). Let r = -148 + 199. Let w be (-6 + 0)/(r/30 + -2). What is the greatest common factor of s and w?
4
Let v = 86 + -16. Let d(g) = 3*g + 25. Let f be d(-7). Suppose -3*n + 5*h - 35 = -f*n, -5 = n - 3*h. What is the greatest common factor of n and v?
10
Let p = 13 + -8. Suppose p*g + 2*j = 8, g - 4*j = -2*g - 16. Suppose 0 = -g*f + 4*f + 2*b - 210, -2*b = 10. Calculate the greatest common factor of 11 and f.
11
Let c(a) = a**3 + 17*a**2 - 61*a + 30. Let v be c(-20). Let f be v/(-325) - (-80)/13. Suppose 4*g - 138 = 30. Calculate the highest common divisor of f and g.
6
Suppose -17*i + 4*i - 75*i = -704. Let k be -2*1/(-2) + 1. What is the greatest common factor of i and k?
2
Let j(o) = 50*o + 179. Let w be j(70). Calculate the highest common factor of w and 39.
13
Suppose 42*j + 4*l = 44*j - 172, 0 = 3*j + 2*l - 274. What is the greatest common divisor of 2034 and j?
18
Suppose 3*l + 37 - 271 = 0. Suppose 5*x + 231 = 2*m, -2*m + 4*x - 111 = -341. Let c = m - l. Calculate the greatest common factor of 10 and c.
5
Let v be (-114)/(-8)*(-1280)/(-48). 